{"id":5509,"date":"2025-02-05T20:51:53","date_gmt":"2025-02-05T20:51:53","guid":{"rendered":"https:\/\/electronicacasio.com.ec\/?post_type=product&#038;p=5509"},"modified":"2025-02-06T00:04:38","modified_gmt":"2025-02-06T00:04:38","slug":"indicador-de-pesaje-x2ss","status":"publish","type":"product","link":"https:\/\/electronicacasio.com.ec\/?product=indicador-de-pesaje-x2ss","title":{"rendered":"INDICADOR DE PESAJE X2SS"},"content":{"rendered":"<p>Carcasa de Acero Inoxidable<br \/>\nBater\u00eda recargable<br \/>\nAlta resoluci\u00f3n, hasta 1\/30,000<br \/>\nSoporte de Acero Inoxidable<br \/>\nPantalla LCD con retroiluminaci\u00f3n blanca<br \/>\nSoporta hasta 4 celdas de carga de 350\u03a9 y hasta 7 celdas de carga de 700\u03a9<br \/>\nFunci\u00f3n contadora, chequeador de peso y pesaje animal con retenci\u00f3n de m\u00e1ximo<br \/>\nUnidades de pesaje cambiables<br \/>\nRango de Cero programable<br \/>\nAjuste de Gravedad G<br \/>\nNivel de retroiluminaci\u00f3n ajustable<\/p>\n","protected":false},"excerpt":{"rendered":"<p>Carcasa de Acero Inoxidable Bater\u00eda recargable Alta resoluci\u00f3n, hasta 1\/30,000 Soporte de Acero Inoxidable Pantalla LCD con retroiluminaci\u00f3n blanca Soporta hasta 4 celdas de carga de 350\u03a9 y hasta 7 celdas de carga de 700\u03a9 Funci\u00f3n contadora, chequeador de peso y pesaje animal con retenci\u00f3n de m\u00e1ximo Unidades de pesaje cambiables Rango de Cero programable [&hellip;]<\/p>\n","protected":false},"featured_media":5464,"comment_status":"open","ping_status":"closed","template":"","meta":[],"product_brand":[],"product_cat":[65],"product_tag":[],"class_list":{"0":"post-5509","1":"product","2":"type-product","3":"status-publish","4":"has-post-thumbnail","6":"product_cat-indicadores-de-peso","8":"first","9":"instock","10":"shipping-taxable","11":"product-type-simple"},"_links":{"self":[{"href":"https:\/\/electronicacasio.com.ec\/index.php?rest_route=\/wp\/v2\/product\/5509","targetHints":{"allow":["GET"]}}],"collection":[{"href":"https:\/\/electronicacasio.com.ec\/index.php?rest_route=\/wp\/v2\/product"}],"about":[{"href":"https:\/\/electronicacasio.com.ec\/index.php?rest_route=\/wp\/v2\/types\/product"}],"replies":[{"embeddable":true,"href":"https:\/\/electronicacasio.com.ec\/index.php?rest_route=%2Fwp%2Fv2%2Fcomments&post=5509"}],"version-history":[{"count":1,"href":"https:\/\/electronicacasio.com.ec\/index.php?rest_route=\/wp\/v2\/product\/5509\/revisions"}],"predecessor-version":[{"id":5510,"href":"https:\/\/electronicacasio.com.ec\/index.php?rest_route=\/wp\/v2\/product\/5509\/revisions\/5510"}],"wp:featuredmedia":[{"embeddable":true,"href":"https:\/\/electronicacasio.com.ec\/index.php?rest_route=\/wp\/v2\/media\/5464"}],"wp:attachment":[{"href":"https:\/\/electronicacasio.com.ec\/index.php?rest_route=%2Fwp%2Fv2%2Fmedia&parent=5509"}],"wp:term":[{"taxonomy":"product_brand","embeddable":true,"href":"https:\/\/electronicacasio.com.ec\/index.php?rest_route=%2Fwp%2Fv2%2Fproduct_brand&post=5509"},{"taxonomy":"product_cat","embeddable":true,"href":"https:\/\/electronicacasio.com.ec\/index.php?rest_route=%2Fwp%2Fv2%2Fproduct_cat&post=5509"},{"taxonomy":"product_tag","embeddable":true,"href":"https:\/\/electronicacasio.com.ec\/index.php?rest_route=%2Fwp%2Fv2%2Fproduct_tag&post=5509"}],"curies":[{"name":"wp","href":"https:\/\/api.w.org\/{rel}","templated":true}]}}